{"id":36,"date":"2023-02-02T12:13:24","date_gmt":"2023-02-02T11:13:24","guid":{"rendered":"http:\/\/latisserie-lormes.fr\/?page_id=36"},"modified":"2024-07-04T09:15:37","modified_gmt":"2024-07-04T07:15:37","slug":"vision-et-mission","status":"publish","type":"page","link":"https:\/\/latisserie-lormes.fr\/index.php\/vision-et-mission\/","title":{"rendered":"Vision et Mission"},"content":{"rendered":"\n<hr class=\"wp-block-separator has-alpha-channel-opacity\"\/>\n\n\n\n<p id=\"Les-fondamentaux\"><strong>Les fondamentaux<\/strong><\/p>\n\n\n\n<div class=\"wp-block-columns is-layout-flex wp-container-core-columns-is-layout-28f84493 wp-block-columns-is-layout-flex\">\n<div class=\"wp-block-column is-layout-flow wp-block-column-is-layout-flow\">\n<p><strong>Vision : <\/strong><\/p>\n\n\n\n<p>Devenir la cit\u00e9 ou il est commun d&rsquo;\u00eatre et faire ensemble pour bien vivre \u00e0 tous les \u00e2ges<\/p>\n\n\n\n<p><strong>Ambition :<\/strong><\/p>\n\n\n\n<p>\u00catre un mod\u00e8le inspirant d\u2019un nouveau mode de fonctionnement dans une petite ville rurale<\/p>\n\n\n\n<p><strong>Valeurs : <\/strong><\/p>\n\n\n\n<ul class=\"wp-block-list\">\n<li>Convivialit\u00e9, Bienveillance<\/li>\n\n\n\n<li>Honn\u00eatet\u00e9 et Transparence<\/li>\n\n\n\n<li>Ensemble, Solidarit\u00e9<\/li>\n\n\n\n<li>La\u00efcit\u00e9<\/li>\n<\/ul>\n<\/div>\n\n\n\n<div class=\"wp-block-column is-layout-flow wp-block-column-is-layout-flow\">\n<p><strong>Mission : <\/strong><\/p>\n\n\n\n<p>Contribuer \u00e0 la structuration et au d\u00e9veloppement du territoire en favorisant l\u2019\u00e9mergence des tiers-lieux et en augmentant leur capacit\u00e9 d\u2019action.<\/p>\n\n\n\n<p><strong>Comment<\/strong><strong> <\/strong><strong>:<\/strong><strong><\/strong><\/p>\n\n\n\n<ul class=\"wp-block-list\">\n<li>En tissant des liens i) entre les diff\u00e9rents acteurs Lormois ii) entre les habitants et ces acteurs<\/li>\n\n\n\n<li>En facilitant l\u2019\u00e9mergence de projets et l\u2019innovation sociale pour imaginer le tiers-lieu \u00e0 l&rsquo;\u00e9chelle de la cit\u00e9<\/li>\n\n\n\n<li>En valorisant : \u00catre et Faire Ensemble \u00e0 tous les \u00e2ges<\/li>\n<\/ul>\n<\/div>\n<\/div>\n\n\n\n<hr class=\"wp-block-separator has-alpha-channel-opacity\"\/>\n\n\n\n<p id=\"\u00catre-un-lieu-ressource\"><strong>\u00catre un lieu ressource<\/strong><\/p>\n\n\n\n<p>Les fabriques de territoire ont pour mission de devenir des lieux ressource pour les autres tiers-lieux de son territoire. A ce titre la Tisserie met \u00e0 disposition ses ressources et son support \u00e0 tous les tiers lieux du Pays Nivernais Morvan. N&rsquo;h\u00e9sitez pas \u00e0 nous contacter si vous avez une id\u00e9e de cr\u00e9ation de tiers-lieu ou besoin de support pour son d\u00e9veloppement.<\/p>\n\n\n\n<p>Dans la section projet, vous trouverez de nombreux liens vers les documents g\u00e9n\u00e9r\u00e9s par les activit\u00e9s de La Tisserie, n&rsquo;h\u00e9sitez pas \u00e0 les utiliser et\/ou vous en inspirer.<\/p>\n\n\n\n<hr class=\"wp-block-separator has-alpha-channel-opacity\"\/>\n\n\n\n<p><strong>Retour \u00e0 l&rsquo;Accueil, c&rsquo;est par <a href=\"http:\/\/latisserie-lormes.fr\/\">ICI<\/a><\/strong><\/p>\n","protected":false},"excerpt":{"rendered":"<p>Les fondamentaux Vision : Devenir la cit\u00e9 ou il est commun d&rsquo;\u00eatre et faire ensemble pour bien vivre \u00e0 tous les \u00e2ges Ambition : \u00catre un mod\u00e8le inspirant d\u2019un nouveau mode de fonctionnement dans une petite ville rurale Valeurs : Mission : Contribuer \u00e0 la structuration et au d\u00e9veloppement du territoire en favorisant l\u2019\u00e9mergence des [&hellip;]<\/p>\n","protected":false},"author":3,"featured_media":0,"parent":0,"menu_order":0,"comment_status":"closed","ping_status":"closed","template":"","meta":{"site-sidebar-layout":"default","site-content-layout":"","ast-site-content-layout":"default","site-content-style":"default","site-sidebar-style":"default","ast-global-header-display":"","ast-banner-title-visibility":"","ast-main-header-display":"","ast-hfb-above-header-display":"","ast-hfb-below-header-display":"","ast-hfb-mobile-header-display":"","site-post-title":"","ast-breadcrumbs-content":"","ast-featured-img":"","footer-sml-layout":"","theme-transparent-header-meta":"","adv-header-id-meta":"","stick-header-meta":"","header-above-stick-meta":"","header-main-stick-meta":"","header-below-stick-meta":"","astra-migrate-meta-layouts":"set","ast-page-background-enabled":"default","ast-page-background-meta":{"desktop":{"background-color":"var(--ast-global-color-4)","background-image":"","background-repeat":"repeat","background-position":"center center","background-size":"auto","background-attachment":"scroll","background-type":"","background-media":"","overlay-type":"","overlay-color":"","overlay-opacity":"","overlay-gradient":""},"tablet":{"background-color":"","background-image":"","background-repeat":"repeat","background-position":"center center","background-size":"auto","background-attachment":"scroll","background-type":"","background-media":"","overlay-type":"","overlay-color":"","overlay-opacity":"","overlay-gradient":""},"mobile":{"background-color":"","background-image":"","background-repeat":"repeat","background-position":"center center","background-size":"auto","background-attachment":"scroll","background-type":"","background-media":"","overlay-type":"","overlay-color":"","overlay-opacity":"","overlay-gradient":""}},"ast-content-background-meta":{"desktop":{"background-color":"var(--ast-global-color-5)","background-image":"","background-repeat":"repeat","background-position":"center center","background-size":"auto","background-attachment":"scroll","background-type":"","background-media":"","overlay-type":"","overlay-color":"","overlay-opacity":"","overlay-gradient":""},"tablet":{"background-color":"var(--ast-global-color-5)","background-image":"","background-repeat":"repeat","background-position":"center center","background-size":"auto","background-attachment":"scroll","background-type":"","background-media":"","overlay-type":"","overlay-color":"","overlay-opacity":"","overlay-gradient":""},"mobile":{"background-color":"var(--ast-global-color-5)","background-image":"","background-repeat":"repeat","background-position":"center center","background-size":"auto","background-attachment":"scroll","background-type":"","background-media":"","overlay-type":"","overlay-color":"","overlay-opacity":"","overlay-gradient":""}},"footnotes":""},"class_list":["post-36","page","type-page","status-publish","hentry"],"_links":{"self":[{"href":"https:\/\/latisserie-lormes.fr\/index.php\/wp-json\/wp\/v2\/pages\/36","targetHints":{"allow":["GET"]}}],"collection":[{"href":"https:\/\/latisserie-lormes.fr\/index.php\/wp-json\/wp\/v2\/pages"}],"about":[{"href":"https:\/\/latisserie-lormes.fr\/index.php\/wp-json\/wp\/v2\/types\/page"}],"author":[{"embeddable":true,"href":"https:\/\/latisserie-lormes.fr\/index.php\/wp-json\/wp\/v2\/users\/3"}],"replies":[{"embeddable":true,"href":"https:\/\/latisserie-lormes.fr\/index.php\/wp-json\/wp\/v2\/comments?post=36"}],"version-history":[{"count":9,"href":"https:\/\/latisserie-lormes.fr\/index.php\/wp-json\/wp\/v2\/pages\/36\/revisions"}],"predecessor-version":[{"id":486,"href":"https:\/\/latisserie-lormes.fr\/index.php\/wp-json\/wp\/v2\/pages\/36\/revisions\/486"}],"wp:attachment":[{"href":"https:\/\/latisserie-lormes.fr\/index.php\/wp-json\/wp\/v2\/media?parent=36"}],"curies":[{"name":"wp","href":"https:\/\/api.w.org\/{rel}","templated":true}]}}